{"id":2501,"date":"2024-12-04T19:17:58","date_gmt":"2024-12-04T22:17:58","guid":{"rendered":"https:\/\/tic.eco.una.py\/?page_id=2501"},"modified":"2024-12-09T19:59:35","modified_gmt":"2024-12-09T22:59:35","slug":"email-institucional","status":"publish","type":"page","link":"https:\/\/tic.eco.una.py\/?page_id=2501","title":{"rendered":"Email Institucional"},"content":{"rendered":"\n<div class=\"wp-block-getwid-section alignfull alignfull getwid-margin-top-none getwid-margin-bottom-none getwid-section-content-custom-width\"><div class=\"wp-block-getwid-section__wrapper getwid-padding-top-large getwid-padding-bottom-large getwid-margin-left-none getwid-margin-right-none\"><div class=\"wp-block-getwid-section__inner-wrapper\" style=\"max-width:700px\"><div class=\"wp-block-getwid-section__background-holder\"><div class=\"wp-block-getwid-section__background\"><\/div><div class=\"wp-block-getwid-section__foreground\" style=\"opacity:0.5;background-color:var(--theme-palette-color-4, #192c27);mix-blend-mode:multiply\"><\/div><\/div><div class=\"wp-block-getwid-section__content\"><div class=\"wp-block-getwid-section__inner-content\">\n<div class=\"wp-block-getwid-advanced-heading has-custom-font-size fs-mobile-80\" style=\"font-size:50px\"><h2 class=\"wp-block-getwid-advanced-heading__content has-text-color has-palette-color-5-color\" style=\"text-align:center;line-height:1.2em\">Email institucional<\/h2><\/div>\n<\/div><\/div><\/div><\/div><\/div>\n\n\n\n<div class=\"wp-block-getwid-section alignfull alignwide alignwide getwid-section-content-custom-width\"><div class=\"wp-block-getwid-section__wrapper getwid-padding-left-medium getwid-padding-right-medium\" style=\"padding-top:60px;padding-bottom:150px\"><div class=\"wp-block-getwid-section__inner-wrapper\" style=\"max-width:1140px\"><div class=\"wp-block-getwid-section__background-holder\"><div class=\"wp-block-getwid-section__background has-background has-palette-color-6-background-color\"><\/div><div class=\"wp-block-getwid-section__foreground\"><\/div><\/div><div class=\"wp-block-getwid-section__content\"><div class=\"wp-block-getwid-section__inner-content\">\n<div class=\"wp-block-getwid-advanced-heading\" style=\"margin-bottom:60px;margin-top:10px\"><h2 class=\"wp-block-getwid-advanced-heading__content\" style=\"text-align:center\">Preguntas frecuentes<\/h2><\/div>\n\n\n\n<div class=\"wp-block-columns alignwide has-2-columns has-palette-color-4-color has-text-color has-link-color wp-elements-12b7300773e90f2dbe13d831a35875d2 is-layout-flex wp-container-core-columns-is-layout-28f84493 wp-block-columns-is-layout-flex\">\n<div class=\"wp-block-column is-layout-flow wp-block-column-is-layout-flow\">\n<div class=\"wp-block-getwid-accordion\" data-active-element=\"none\">\n<div class=\"wp-block-getwid-accordion__header-wrapper\"><h6 class=\"wp-block-getwid-accordion__header\"><a href=\"#\"><span class=\"wp-block-getwid-accordion__header-title\">\u00bfQui\u00e9nes pueden ser usuarios de una cuenta institucional?<\/span><span class=\"wp-block-getwid-accordion__icon is-active\"><i class=\"fas fa-chevron-down\"><\/i><\/span><span class=\"wp-block-getwid-accordion__icon is-passive\"><i class=\"fas fa-chevron-up\"><\/i><\/span><\/a><\/h6><\/div><div class=\"wp-block-getwid-accordion__content-wrapper\"><div class=\"wp-block-getwid-accordion__content\">\n<p>Pueden ser usuarios de una cuenta de correo institucional tanto Funcionarios, Profesores o Alumnos de la instituci\u00f3n.<\/p>\n<\/div><\/div>\n\n\n\n<div class=\"wp-block-getwid-accordion__header-wrapper\"><h6 class=\"wp-block-getwid-accordion__header\"><a href=\"#\"><span class=\"wp-block-getwid-accordion__header-title\">\u00bfC\u00f3mo solicito una cuenta institucional?<\/span><span class=\"wp-block-getwid-accordion__icon is-active\"><i class=\"fas fa-chevron-down\"><\/i><\/span><span class=\"wp-block-getwid-accordion__icon is-passive\"><i class=\"fas fa-chevron-up\"><\/i><\/span><\/a><\/h6><\/div><div class=\"wp-block-getwid-accordion__content-wrapper\"><div class=\"wp-block-getwid-accordion__content\">\n<p>Los pasos y los medios para la solicitud de correo institucional difieren seg\u00fan el tipo de usuario, detall\u00e1ndose en los siguientes apartados.<\/p>\n<\/div><\/div>\n\n\n\n<div class=\"wp-block-getwid-accordion__header-wrapper\"><h6 class=\"wp-block-getwid-accordion__header\"><a href=\"#\"><span class=\"wp-block-getwid-accordion__header-title\">Pasos para la solicitud: FUNCIONARIOS<\/span><span class=\"wp-block-getwid-accordion__icon is-active\"><i class=\"fas fa-chevron-down\"><\/i><\/span><span class=\"wp-block-getwid-accordion__icon is-passive\"><i class=\"fas fa-chevron-up\"><\/i><\/span><\/a><\/h6><\/div><div class=\"wp-block-getwid-accordion__content-wrapper\"><div class=\"wp-block-getwid-accordion__content\">\n<p>Para los funcionarios la creaci\u00f3n de la cuenta deber\u00e1 ser solicitada a trav\u00e9s de la direcci\u00f3n de la que depende el funcionario o la funcionaria. No se aceptaran solicitudes redactadas de forma particular. Los medios que deben utilizarse son:<br>A trav\u00e9s de Mesa de Entrada, mediante una nota dirigida al Jefe del Departamento y mediante un Email Institucional de la direcci\u00f3n o del director, dirigida a arecalde@eco.una.py , adjuntando la Plantilla con los Datos Requeridos detallados mas adelante en otro apartado.<\/p>\n<\/div><\/div>\n\n\n\n<div class=\"wp-block-getwid-accordion__header-wrapper\"><h6 class=\"wp-block-getwid-accordion__header\"><a href=\"#\"><span class=\"wp-block-getwid-accordion__header-title\">Pasos para la solicitud: PROFESORES<\/span><span class=\"wp-block-getwid-accordion__icon is-active\"><i class=\"fas fa-chevron-down\"><\/i><\/span><span class=\"wp-block-getwid-accordion__icon is-passive\"><i class=\"fas fa-chevron-up\"><\/i><\/span><\/a><\/h6><\/div><div class=\"wp-block-getwid-accordion__content-wrapper\"><div class=\"wp-block-getwid-accordion__content\">\n<p>Para los profesores la creaci\u00f3n de la cuenta deber\u00e1 ser solicitada a trav\u00e9s de la direcci\u00f3n de la que depende el profesor. No se aceptaran solicitudes redactadas de forma particular. Los medios que pueden utilizarse son:<br>A trav\u00e9s de Mesa de Entrada, mediante una nota dirigida al Jefe del Departamento y mediante un Email Institucional de la direcci\u00f3n o del director, dirigida a arecalde@eco.una.py , adjuntando la Plantilla con los Datos Requeridos detallados mas adelante en otro apartado.<\/p>\n<\/div><\/div>\n\n\n\n<div class=\"wp-block-getwid-accordion__header-wrapper\"><h6 class=\"wp-block-getwid-accordion__header\"><a href=\"#\"><span class=\"wp-block-getwid-accordion__header-title\">Pasos para la solicitud: ALUMNOS<\/span><span class=\"wp-block-getwid-accordion__icon is-active\"><i class=\"fas fa-chevron-down\"><\/i><\/span><span class=\"wp-block-getwid-accordion__icon is-passive\"><i class=\"fas fa-chevron-up\"><\/i><\/span><\/a><\/h6><\/div><div class=\"wp-block-getwid-accordion__content-wrapper\"><div class=\"wp-block-getwid-accordion__content\">\n<p>Para los alumnos la creaci\u00f3n de la deber\u00e1 ser solicitada a trav\u00e9s de la Direcci\u00f3n de la Escuela o Filial a la que est\u00e1 inscripto el alumno o alumna. No se aceptaran solicitudes redactadas de forma particular. Los medios que pueden utilizarse son:<br>A trav\u00e9s de Mesa de Entrada, mediante una nota dirigida al Jefe del Departamento y mediante un Email Institucional de la direcci\u00f3n o del director, dirigida a arecalde@eco.una.py , adjuntando la Plantilla con los Datos Requeridos detallados mas adelante en otro apartado.<\/p>\n<\/div><\/div>\n<\/div>\n<\/div>\n\n\n\n<div class=\"wp-block-column is-layout-flow wp-block-column-is-layout-flow\">\n<div class=\"wp-block-getwid-accordion\" data-active-element=\"none\">\n<div class=\"wp-block-getwid-accordion__header-wrapper\"><h6 class=\"wp-block-getwid-accordion__header\"><a href=\"#\"><span class=\"wp-block-getwid-accordion__header-title\">Datos Necesarios<\/span><span class=\"wp-block-getwid-accordion__icon is-active\"><i class=\"fas fa-chevron-down\"><\/i><\/span><span class=\"wp-block-getwid-accordion__icon is-passive\"><i class=\"fas fa-chevron-up\"><\/i><\/span><\/a><\/h6><\/div><div class=\"wp-block-getwid-accordion__content-wrapper\"><div class=\"wp-block-getwid-accordion__content\">\n<p><strong>N\u00famero de documento:<\/strong> requerido<br><strong>Nombres: <\/strong>requerido<br><strong>Apellidos:<\/strong> requerido<br><strong>Direcci\u00f3n de email personal:<\/strong> requerido<br><strong>N\u00famero de celular:<\/strong> opcional<\/p>\n<\/div><\/div>\n\n\n\n<div class=\"wp-block-getwid-accordion__header-wrapper\"><h6 class=\"wp-block-getwid-accordion__header\"><a href=\"#\"><span class=\"wp-block-getwid-accordion__header-title\">Plantilla Electr\u00f3nica<\/span><span class=\"wp-block-getwid-accordion__icon is-active\"><i class=\"fas fa-chevron-down\"><\/i><\/span><span class=\"wp-block-getwid-accordion__icon is-passive\"><i class=\"fas fa-chevron-up\"><\/i><\/span><\/a><\/h6><\/div><div class=\"wp-block-getwid-accordion__content-wrapper\"><div class=\"wp-block-getwid-accordion__content\">\n<p><a href=\"https:\/\/tic.eco.una.py\/wp-content\/uploads\/2024\/12\/Plantilla-Creacion-de-correo-institucional.xlsx\" data-type=\"link\" data-id=\"https:\/\/tic.eco.una.py\/wp-content\/uploads\/2024\/12\/Plantilla-Creacion-de-correo-institucional.xlsx\" rel=\"nofollow\">Haz clic aqu\u00ed para descargar<\/a><\/p>\n<\/div><\/div>\n\n\n\n<div class=\"wp-block-getwid-accordion__header-wrapper\"><h6 class=\"wp-block-getwid-accordion__header\"><a href=\"#\"><span class=\"wp-block-getwid-accordion__header-title\">Tiempo de respuesta aproximado<\/span><span class=\"wp-block-getwid-accordion__icon is-active\"><i class=\"fas fa-chevron-down\"><\/i><\/span><span class=\"wp-block-getwid-accordion__icon is-passive\"><i class=\"fas fa-chevron-up\"><\/i><\/span><\/a><\/h6><\/div><div class=\"wp-block-getwid-accordion__content-wrapper\"><div class=\"wp-block-getwid-accordion__content\">\n<p>El tiempo de respuesta aproximado a las solicitudes var\u00eda entre 48 a 72 horas, contando s\u00f3lo los d\u00edas h\u00e1biles entre semana. <\/p>\n<\/div><\/div>\n\n\n\n<div class=\"wp-block-getwid-accordion__header-wrapper\"><h6 class=\"wp-block-getwid-accordion__header\"><a href=\"#\"><span class=\"wp-block-getwid-accordion__header-title\">Formato de la respuesta<\/span><span class=\"wp-block-getwid-accordion__icon is-active\"><i class=\"fas fa-chevron-down\"><\/i><\/span><span class=\"wp-block-getwid-accordion__icon is-passive\"><i class=\"fas fa-chevron-up\"><\/i><\/span><\/a><\/h6><\/div><div class=\"wp-block-getwid-accordion__content-wrapper\"><div class=\"wp-block-getwid-accordion__content\">\n<p>La respuesta a la solicitud ser\u00e1 mediante un email enviado desde arecalde@eco.una.py , dicho email tendr\u00e1 los detalles del proceso del pedido y tambi\u00e9n se adjuntar\u00e1 un PDF detallando las direcciones de cuentas creadas de cada usuario. No se proporcionar\u00e1n contrase\u00f1as al emisor de la solicitud.<\/p>\n<\/div><\/div>\n\n\n\n<div class=\"wp-block-getwid-accordion__header-wrapper\"><h6 class=\"wp-block-getwid-accordion__header\"><a href=\"#\"><span class=\"wp-block-getwid-accordion__header-title\">Medidas a tener en cuenta<\/span><span class=\"wp-block-getwid-accordion__icon is-active\"><i class=\"fas fa-chevron-down\"><\/i><\/span><span class=\"wp-block-getwid-accordion__icon is-passive\"><i class=\"fas fa-chevron-up\"><\/i><\/span><\/a><\/h6><\/div><div class=\"wp-block-getwid-accordion__content-wrapper\"><div class=\"wp-block-getwid-accordion__content\">\n<p>Una vez creada la cuenta de correo institucional, se enviar\u00e1n de forma autom\u00e1tica un email con los pasos para la activaci\u00f3n de la cuenta y para establecer una contrase\u00f1a para la misma. Dicha cuenta funciona bajo el servicio de Gmail (Google), por lo que el email de confirmaci\u00f3n provendr\u00e1 de dicha empresa y no de correos particulares. El email de activaci\u00f3n tiene una validez de 72 horas.<\/p>\n<\/div><\/div>\n<\/div>\n<\/div>\n<\/div>\n\n\n\n<div class=\"wp-block-columns alignwide has-2-columns has-palette-color-4-color has-text-color has-link-color wp-elements-56c06751f0eb31ed39bd2ea02ac8769c is-layout-flex wp-container-core-columns-is-layout-28f84493 wp-block-columns-is-layout-flex\">\n<div class=\"wp-block-column is-layout-flow wp-block-column-is-layout-flow\">\n<div class=\"wp-block-getwid-accordion\" data-active-element=\"none\">\n<div class=\"wp-block-getwid-accordion__header-wrapper\"><h6 class=\"wp-block-getwid-accordion__header\"><a href=\"#\"><span class=\"wp-block-getwid-accordion__header-title\">MEDIDAS DE SEGURIDAD A TENER EN CUENTA<\/span><span class=\"wp-block-getwid-accordion__icon is-active\"><i class=\"fas fa-chevron-down\"><\/i><\/span><span class=\"wp-block-getwid-accordion__icon is-passive\"><i class=\"fas fa-chevron-up\"><\/i><\/span><\/a><\/h6><\/div><div class=\"wp-block-getwid-accordion__content-wrapper\"><div class=\"wp-block-getwid-accordion__content\">\n<ul class=\"wp-block-list\">\n<li>Una vez activada la cuenta y establecida una <strong><a href=\"https:\/\/support.google.com\/accounts\/answer\/32040?hl=es\" data-type=\"link\" data-id=\"https:\/\/support.google.com\/accounts\/answer\/32040?hl=es\" target=\"_blank\" rel=\"noreferrer noopener\">contrase\u00f1a segura<\/a><\/strong>, es muy recomendable <strong><a href=\"https:\/\/support.google.com\/accounts\/answer\/185839?hl=es\" data-type=\"link\" data-id=\"https:\/\/support.google.com\/accounts\/answer\/185839?hl=es\" target=\"_blank\" rel=\"noreferrer noopener\">habilitar la autenticaci\u00f3n de doble factor<\/a><\/strong>.<\/li>\n\n\n\n<li>En caso de abrir la cuenta de correo institucional en dispositivo ajeno, utilizar el modo de navegaci\u00f3n incognito para no guardar datos en el dispositivo, de igual manera, una vez terminado el uso del dispositivo, proceder al cierre de sesi\u00f3n de la cuenta de forma manual.<\/li>\n\n\n\n<li>En ning\u00fan caso los administradores u otros funcionario les solicitar\u00e1n en env\u00edo <strong>contrase\u00f1as o c\u00f3digos temporales.<\/strong><\/li>\n\n\n\n<li>En caso de que les lleguen <strong>correos de dudosa procedencia<\/strong> desde una cuenta institucional,<strong> por favor informar<\/strong> al Departamento de TIC para poder realizar las investigaciones pertinentes.<\/li>\n\n\n\n<li><strong>No compartir<\/strong> contrase\u00f1as con familiares, compa\u00f1eros u otras personas.<strong> El uso del correo institucional es exclusivo para el usuario asignado.<\/strong><\/li>\n\n\n\n<li>No usar el correo institucional para registrarse a servicios que no sea para fines acad\u00e9micos.<\/li>\n<\/ul>\n<\/div><\/div>\n<\/div>\n<\/div>\n<\/div>\n<\/div><\/div><\/div><\/div><\/div>\n","protected":false},"excerpt":{"rendered":"","protected":false},"author":1,"featured_media":0,"parent":0,"menu_order":0,"comment_status":"closed","ping_status":"closed","template":"","meta":{"footnotes":""},"class_list":["post-2501","page","type-page","status-publish","hentry"],"blocksy_meta":{"vertical_spacing_source":"custom","content_area_spacing":"none","content_style_source":"inherit","styles_descriptor":{"styles":{"desktop":"","tablet":"","mobile":""},"google_fonts":[],"version":6},"page_structure_type":"default","content_style":"wide","disable_header":"no","has_hero_section":"disabled","hero_margin":"40px","hero_alignment1":"left","hero_elements":[{"id":"custom_title","enabled":true,"heading_tag":"h1","title":"Inicio","__id":"mKuYf89fH29nsCtHbYeat"},{"id":"custom_description","enabled":true,"description_visibility":{"desktop":true,"tablet":true,"mobile":false},"__id":"62BxFaG8zvzQBNFY-WO4a","hero_item_spacing":"20","hero_item_max_width":"100"},{"id":"custom_meta","enabled":true,"meta_elements":[{"id":"author","enabled":true,"label":"Por","has_author_avatar":"yes","avatar_size":25},{"id":"post_date","enabled":true,"label":"El","date_format_source":"default","date_format":"M j, Y"},{"id":"updated_date","enabled":false,"label":"El","date_format_source":"default","date_format":"M j, Y"},{"id":"categories","enabled":false,"label":"En","style":"simple"},{"id":"comments","enabled":true}],"page_meta_elements":{"joined":true,"articles_count":true,"comments":true},"__id":"u66MJA48PcVsY1hLPXaQe"},{"id":"breadcrumbs","enabled":false,"__id":"3kTiVWSX2dO3rM4b39hbl"}],"hero_section":"type-1"},"_links":{"self":[{"href":"https:\/\/tic.eco.una.py\/index.php?rest_route=\/wp\/v2\/pages\/2501","targetHints":{"allow":["GET"]}}],"collection":[{"href":"https:\/\/tic.eco.una.py\/index.php?rest_route=\/wp\/v2\/pages"}],"about":[{"href":"https:\/\/tic.eco.una.py\/index.php?rest_route=\/wp\/v2\/types\/page"}],"author":[{"embeddable":true,"href":"https:\/\/tic.eco.una.py\/index.php?rest_route=\/wp\/v2\/users\/1"}],"replies":[{"embeddable":true,"href":"https:\/\/tic.eco.una.py\/index.php?rest_route=%2Fwp%2Fv2%2Fcomments&post=2501"}],"version-history":[{"count":52,"href":"https:\/\/tic.eco.una.py\/index.php?rest_route=\/wp\/v2\/pages\/2501\/revisions"}],"predecessor-version":[{"id":2702,"href":"https:\/\/tic.eco.una.py\/index.php?rest_route=\/wp\/v2\/pages\/2501\/revisions\/2702"}],"wp:attachment":[{"href":"https:\/\/tic.eco.una.py\/index.php?rest_route=%2Fwp%2Fv2%2Fmedia&parent=2501"}],"curies":[{"name":"wp","href":"https:\/\/api.w.org\/{rel}","templated":true}]}}